
843
Let j(n) = 141*n + 26238. Give j(-186).
12
Let c(v) = -5*v**3 - 70*v**2 + 20*v + 184. What is c(-13)?
-921
Let q(l) = 20*l**3 - 6*l**2 - 13*l + 11. What is q(3)?
458
Let z(w) = -w**2 - 701*w - 31359. What is z(-48)?
-15
Let q(p) = -2*p**2 + 97*p + 261. What is q(51)?
6
Let l(c) = -15*c**2 + c + 1. What is l(-2)?
-61
Let j(d) = -d**3 + 10*d + 150. What is j(0)?
150
Let b(j) = -27*j - 131. Calculate b(-5).
4
Let u(f) = 195*f - 3281. Give u(17).
34
Let k(t) = t**3 + 25*t**2 + 26*t + 28. Determine k(-24).
-20
Let n(r) = -2*r**3 + 42*r**2 + 260*r - 6. What is n(26)?
-6
Let b(x) = 99*x**3 - 2*x**2 - 33*x - 32. What is b(-1)?
-100
Let b(n) = -n**3 - 6*n**2 + 65*n + 4. Determine b(-12).
88
Let v(y) = 181*y**3 - y**2 - 17*y - 17. Give v(-1).
-182
Let s(l) = l**3 - 9*l**2 - 20*l + 252. Give s(6).
24
Let n(o) = o**3 - 9*o**2 + 5*o + 54. What is n(8)?
30
Let u(k) = -3*k**3 - 173*k**2 + 61*k + 178. What is u(-58)?
4
Let f(w) = 550*w + 5495. Calculate f(-10).
-5
Let t(q) = 9*q**2 - 30*q + 49. Determine t(2).
25
Let u(l) = -2*l + 36. Determine u(55).
-74
Let m(a) = -78*a - 205. Give m(-2).
-49
Let n(a) = 4*a**2 - 20*a - 160. Determine n(-6).
104
Let u(o) = o**3 - 33*o**2 - 41*o + 13. What is u(34)?
-225
Let d(o) = -o**3 - 5*o**2 + 40*o - 114. Give d(3).
-66
Let j(r) = 34*r + 40. What is j(-1)?
6
Let y(i) = i**2 - 22*i - 91. Determine y(-8).
149
Let p(k) = k**3 + 17*k**2 - 85*k - 37. Give p(7).
544
Let y(x) = 3*x**2 + 30*x + 33. Calculate y(6).
321
Let h(p) = -p**3 + 27*p**2 + 68*p - 41. Determine h(29).
249
Let f(h) = -70*h - 1509. Give f(-18).
-249
Let h(p) = 8*p**2 + 81*p + 71. What is h(-9)?
-10
Let x(c) = 72*c**2 - 437*c - 20. Determine x(6).
-50
Let b(f) = f**3 - 6*f**2 + 37*f - 294. Give b(7).
14
Let w(k) = k**2 - 41*k + 352. What is w(12)?
4
Let y(z) = -z**3 - 11*z**2 - 16*z - 15. Calculate y(-9).
-33
Let y(a) = -2*a**3 - 194*a**2 - 4. Calculate y(-97).
-4
Let s(v) = -3*v**2 + 25*v + 61. Determine s(-9).
-407
Let n(a) = -3*a + 146. What is n(59)?
-31
Let z(p) = 67*p - 55. Give z(1).
12
Let n(u) = 78*u**2 - 268*u + 99. Give n(3).
-3
Let v(k) = -5*k**3 + 13*k**2 + 13*k + 1. Calculate v(4).
-59
Let x(p) = 39*p + 1459. Calculate x(-32).
211
Let h(i) = 55*i - 893. Give h(14).
-123
Let d(t) = -189*t - 709. Determine d(-2).
-331
Let t(a) = a**3 - 16*a**2 + 13*a + 28. Determine t(14).
-182
Let x(q) = -86*q - 5323. What is x(-62)?
9
Let b(d) = 32*d**2 + 285*d - 7. Calculate b(-9).
20
Let f(d) = -d**3 + 79*d**2 - 303*d + 228. Give f(75).
3
Let w(j) = -j**3 - 33*j**2 + 6*j + 90. Determine w(-33).
-108
Let l(c) = -5*c**2 + 43*c - 18. Give l(6).
60
Let a(n) = -415*n**2 + 30*n + 29. Calculate a(-1).
-416
Let b(c) = 2*c**2 + 99*c - 158. Calculate b(-51).
-5
Let t(p) = 27*p**2 - 1109*p + 74. Calculate t(41).
-8
Let j(x) = -2*x**2 - 25*x + 2984. What is j(33)?
-19
Let k(h) = -148*h - 4554. What is k(-30)?
-114
Let v(j) = 10*j**2 - 269*j + 693. Calculate v(24).
-3
Let k(x) = 48*x**2 + 3117*x - 169. Determine k(-65).
26
Let b(n) = n**3 + 13*n**2 + 11*n + 139. What is b(-13)?
-4
Let b(g) = -2*g**2 - 56*g - 379. Determine b(-16).
5
Let v(m) = -m**3 + 7*m**2 - 12*m + 55. What is v(6)?
19
Let b(s) = 12952*s - 51811. Calculate b(4).
-3
Let w(z) = z**2 - 9*z - 144. Determine w(17).
-8
Let p(f) = -f**3 + 3*f**2 + 23*f - 52. Calculate p(3).
17
Let n(x) = 2*x**3 + 36*x**2 - 336*x - 16. Give n(7).
82
Let t(q) = -q**2 + 139*q - 3258. Calculate t(30).
12
Let b(t) = -1751*t - 119060. Determine b(-68).
8
Let o(d) = d**2 - 66*d - 61. Determine o(67).
6
Let a(o) = -6*o - 393. Give a(-57).
-51
Let k(p) = p**2 + 46*p - 890. What is k(14)?
-50
Let m(w) = 196*w + 10615. Give m(-54).
31
Let v(p) = -p**2 + 178*p - 861. Calculate v(5).
4
Let d(v) = -2*v**2 + 195*v + 26869. Determine d(-77).
-4
Let a(x) = -2*x**3 + 35*x**2 - 71*x + 31. What is a(15)?
91
Let o(u) = -u**3 - 18*u**2 + 259*u + 4561. Determine o(-19).
1
Let m(k) = -k**3 - 28*k**2 + 25*k - 48. Give m(-29).
68
Let h(x) = x**3 + 15*x**2 + 34*x - 27. Calculate h(-8).
149
Let d(w) = -w**2 - 19*w - 100. Give d(-18).
-82
Let t(h) = 4*h**2 - 91*h - 247. What is t(25)?
-22
Let q(y) = -243*y - 28424. Calculate q(-117).
7
Let q(o) = 287*o + 509. What is q(-2)?
-65
Let j(w) = 8*w**2 - w - 11. What is j(6)?
271
Let k(v) = -60*v + 1014. Calculate k(17).
-6
Let n(t) = 98*t**2 + 586*t + 13. Calculate n(-6).
25
Let w(c) = 6*c**3 - 38*c**2 + 18*c - 35. What is w(6)?
1
Let m(q) = -q**3 - 15*q**2 - 11*q + 8. Give m(-13).
-187
Let m(b) = 427*b + 14. What is m(0)?
14
Let q(n) = n**3 - 43*n**2 - 45*n + 37. Calculate q(44).
-7
Let u(n) = -n**3 - 93*n**2 + 919*n + 94. Calculate u(-102).
-8
Let z(d) = -2710*d - 18913. Determine z(-7).
57
Let g(k) = 2*k**2 + 743*k + 64640. Calculate g(-139).
5
Let n(k) = k**3 + k**2 - 25*k + 7. Give n(4).
-13
Let h(i) = -11*i - 181. What is h(-6)?
-115
Let w(n) = 9*n**3 - n**2 - 4*n + 3. Give w(3).
225
Let n(u) = -2*u**2 + 74*u - 651. Calculate n(18).
33
Let l(s) = -34*s + 947. Determine l(29).
-39
Let c(r) = -r**2 + 1144*r + 5732. What is c(-5)?
-13
Let i(h) = h**3 + 100*h**2 + 1202*h - 179. Calculate i(-86).
-7
Let y(t) = 647*t - 117751. Give y(182).
3
Let y(m) = -1058*m - 27499. What is y(-26)?
9
Let p(u) = 215*u - 1092. Calculate p(5).
-17
Let f(x) = 20*x - 42. Calculate f(-6).
-162
Let q(c) = -38*c + 125. Determine q(4).
-27
Let z(a) = -10*a**2 + 11*a + 120. Determine z(-5).
-185
Let p(v) = -2*v**3 + 44*v**2 + 2960*v - 95. Give p(51).
7
Let l(j) = j**2 - 23*j + 92. What is l(6)?
-10
Let u(k) = 448*k + 13. What is u(-1)?
-435
Let g(m) = 31*m - 390. What is g(15)?
75
Let a(u) = -93*u**3 + 1395*u**2 + 2*u - 24. Calculate a(15).
6
Let w(t) = -8*t**2 - 377*t - 53. Calculate w(-47).
-6
Let d(r) = r**2 - 71*r + 1073. Determine d(22).
-5
Let a(k) = -96*k + 19. Calculate a(-2).
211
Let v(w) = -5*w - 189. Give v(-26).
-59
Let d(m) = -4*m**3 - 12*m**2 - 35*m - 18. What is d(-5)?
357
Let d(a) = -200*a**2 + 5*a - 4. What is d(1)?
-199
Let i(h) = -18*h**2 - 26*h + 584. Calculate i(5).
4
Let p(z) = -z**3 + 63*z**2 - 132*z + 610. Determine p(61).
0
Let c(d) = -29*d - 1456. Calculate c(-29).
-615
Let k(a) = -1013*a + 1831. What is k(2)?
-195
Let m(o) = o**3 - 11*o**2 - 56*o - 399. What is m(16)?
-15
Let x(a) = 188*a - 658. Calculate x(2).
-282
Let z(f) = -2*f**3 - 9*f**2 - 16*f - 14. What is z(-5)?
91
Let p(b) = b**2 - 57*b + 288. Give p(6).
-18
Let b(o) = o**2 + 29*o + 207. Give b(-12).
3
Let x(h) = -9*h**2 - 186*h + 40. What is x(-18)?
472
Let f(x) = -x**3 + 13*x**2 - 18*x - 14. Determine f(9).
148
Let s(q) = 47*q + 968. What is s(-21)?
-19
Let g(a) = -525*a**2 - 17*a. What is g(1)?
-542
Let q(w) = -68*w**2 - 411*w - 9. Determine q(-6).
9
Let v(j) = -5*j**2 + 207*j - 76. What is v(41)?
6
Let c(g) = -2*g**3 + 56*g**2 + 31*g + 780. Calculate c(29).
-3
Let h(z) = -z**3 - 30*z**2 - 22*z + 30. What is h(-29)?
-173
Let b(n) = n**3 + 17*n**2 + 36*n - 28. Determine b(-14).
56
Let d(w) = w**3 + 63*w**2 - 132*w - 146. Determine d(-65).
-16
Let d(c) = -c**2 - 226*c + 1875. Give d(8).
3
Let u(p) = -11*p**3 + 830*p**2 + 455*p + 75. Give u(76).
-1
Let f(j) = -14679*j - 176149. What is f(-12)?
-1
Let v(i) = i - 69. Give v(-63).
-132
Let g(i) = -53*i**2 - 231*i - 231. What is g(-1)?
-53
Let g(v) = v**3 + 203*v**2 - 294*v - 18347. Determine g(-204).
13
Let k(d) = -6*d**2 + 9*d - 22. Determine k(4).
-82
Let u(h) = -432*h - 7337. Determine u(-17).
7
Let l(z) = -z**3 + 43*z**2 + 252*z + 49. Determine l(-5).
-11
Let p(q) = -104*q + 1686. Calculate p(24).
-810
Let r(m) = 9*m + 251. Determine r(-19).
80
Let w(y) = -y**3 - 11*y**2 + 44*y + 384. What is w(-12)?
0
Let b(g) = -514*g**2 + 49*g - 1. Determine b(1).
-466
Let q(n) = n**3 + n + 9. Determine q(5).
139
Let g(y) = 48*y - 307. What is g(7)?
29
Let t(l) = 590*l + 9439. Calculate t(-16).
-1
Let a(g) = 88*g - 1465. Give a(16).
-57
Let i(f) = 56*f - 315. What is i(8)?
133
Let b(q) = -21*q - 356. Give b(-23).
127
Let t(k) = 51*k - 84. What is t(5)?
171
Let a(u) = 796*u - 19107. What is a(24)?
-3
Let g(c) = -3*c**2 - 4*c + 17. Give g(-5).
-38
Let i(j) = -3*j**2 + 77*j - 435. Give i(8).
-11
Let h(i) = -i**3 - 46*i**2 + 198*i - 92. What is h(-50)?
8
Let b(k) = 399*k - 4334. What is b(11)?
55
Let l(b) = -2*b**2 + 167*b - 2372. Calculate l(18).
-14
Let w(l) = 4*l**2 + 47*l + 5. Determine w(-18).
455
Let